at is the highest common factor of 28 and 12?
4
Calculate the greatest common factor of 5 and 190.
5
What is the greatest common divisor of 290 and 40?
10
What is the highest common factor of 22 and 253?
11
What is the highest common divisor of 36 and 468?
36
Calculate the greatest common factor of 1287 and 351.
117
Calculate the greatest common factor of 21 and 831.
3
Calculate the highest common divisor of 810 and 70.
10
What is the highest common factor of 8 and 1?
1
Calculate the highest common divisor of 21 and 8211.
21
What is the highest common divisor of 4 and 7108?
4
What is the greatest common divisor of 91 and 175?
7
What is the greatest common factor of 30 and 6444?
6
Calculate the greatest common divisor of 2698 and 284.
142
Calculate the highest common factor of 41 and 50.
1
Calculate the highest common divisor of 8 and 56.
8
Calculate the highest common factor of 42 and 2928.
6
Calculate the greatest common divisor of 11 and 176.
11
What is the highest common divisor of 660 and 176?
44
What is the greatest common divisor of 62 and 558?
62
What is the greatest common factor of 368 and 23?
23
What is the greatest common factor of 44 and 176?
44
Calculate the highest common factor of 176 and 968.
88
Calculate the greatest common divisor of 15078 and 1795.
359
What is the highest common factor of 418 and 4444?
22
What is the highest common factor of 76 and 1121?
19
Calculate the highest common factor of 247 and 19.
19
What is the greatest common factor of 360 and 2448?
72
Calculate the highest common factor of 2759 and 31.
31
What is the greatest common divisor of 13 and 559?
13
Calculate the highest common factor of 388 and 679.
97
Calculate the highest common factor of 22 and 82.
2
Calculate the highest common factor of 168 and 105.
21
Calculate the highest common factor of 64 and 96.
32
What is the highest common factor of 37 and 185?
37
What is the highest common factor of 11 and 341?
11
What is the greatest common factor of 621 and 2565?
27
What is the highest common factor of 40 and 32?
8
What is the highest common divisor of 561 and 132?
33
Calculate the highest common divisor of 35 and 28.
7
What is the greatest common factor of 806 and 7502?
62
Calculate the highest common factor of 102 and 6.
6
What is the greatest common factor of 1953 and 126?
63
What is the highest common divisor of 164 and 4?
4
What is the greatest common factor of 3294 and 162?
54
What is the highest common divisor of 48 and 456?
24
What is the greatest common divisor of 38 and 2?
2
What is the highest common factor of 88 and 732?
4
What is the highest common divisor of 56 and 16?
8
Calculate the greatest common factor of 1026 and 38.
38
Calculate the highest common factor of 3053 and 172.
43
What is the greatest common factor of 41 and 1558?
41
Calculate the greatest common factor of 67 and 536.
67
What is the greatest common factor of 25 and 11?
1
What is the highest common factor of 16 and 100?
4
Calculate the highest common divisor of 22 and 44.
22
What is the greatest common divisor of 5731 and 11?
11
What is the highest common factor of 158 and 4?
2
What is the greatest common divisor of 410 and 246?
82
Calculate the highest common factor of 153 and 4275.
9
What is the highest common divisor of 249 and 1660?
83
Calculate the highest common factor of 485 and 10.
5
Calculate the highest common factor of 835 and 8851.
167
Calculate the highest common divisor of 17 and 44931.
17
Calculate the highest common factor of 120 and 60.
60
What is the greatest common divisor of 207 and 552?
69
Calculate the highest common factor of 618 and 6.
6
Calculate the greatest common divisor of 48 and 160.
16
What is the highest common divisor of 77 and 168?
7
Calculate the highest common divisor of 814 and 66.
22
What is the greatest common factor of 11 and 4?
1
What is the greatest common factor of 1350 and 25?
25
What is the greatest common divisor of 17 and 3077?
17
Calculate the highest common divisor of 195 and 240.
15
Calculate the highest common divisor of 312 and 12688.
104
What is the greatest common factor of 150 and 2050?
50
What is the highest common factor of 80 and 48?
16
Calculate the greatest common divisor of 418 and 76.
38
Calculate the greatest common factor of 63 and 357.
21
Calculate the greatest common factor of 378 and 112.
14
Calculate the highest common divisor of 5910 and 90.
30
Calculate the highest common factor of 54 and 90.
18
What is the highest common factor of 294 and 6?
6
Calculate the greatest common divisor of 120340 and 44.
44
Calculate the greatest common factor of 7 and 63.
7
Calculate the highest common factor of 134 and 603.
67
Calculate the greatest common divisor of 200 and 80.
40
What is the highest common divisor of 560 and 480?
80
Calculate the highest common divisor of 194 and 38606.
194
What is the greatest common divisor of 2675 and 225?
25
Calculate the highest common factor of 2288 and 312.
104
What is the highest common factor of 216 and 288?
72
What is the greatest common divisor of 720 and 320?
80
Calculate the highest common factor of 299 and 26.
13
What is the highest common divisor of 1036 and 112?
28
Calculate the greatest common factor of 33 and 24.
3
What is the highest common divisor of 26 and 481?
13
Calculate the highest common divisor of 54 and 117.
9
Calculate the greatest common divisor of 11 and 253.
11
What is the greatest common divisor of 1530 and 75?
15
What is the greatest common factor of 36 and 1956?
12
Calculate the highest common divisor of 315 and 567.
63
Calculate the greatest common factor of 730 and 146.
146
Calculate the highest common factor of 370 and 140.
10
What is the highest common factor of 729 and 324?
81
What is the highest common factor of 1404 and 1716?
156
What is the highest common factor of 52 and 117?
13
Calculate the greatest common divisor of 60 and 1860.
60
Calculate the highest common divisor of 4 and 142.
2
Calculate the highest common factor of 8 and 32.
8
What is the greatest common factor of 3234 and 561?
33
Calculate the highest common divisor of 107 and 856.
107
What is the highest common factor of 17 and 5321?
17
Calculate the highest common divisor of 183 and 13359.
183
Calculate the highest common divisor of 3454 and 22.
22
What is the highest common factor of 14 and 1022?
14
Calculate the greatest common factor of 342 and 190.
38
Calculate the greatest common factor of 77 and 21.
7
Calculate the greatest common factor of 415 and 332.
83
Calculate the highest common factor of 1887 and 153.
51
Calculate the highest common factor of 4489 and 67.
67
Calculate the greatest common divisor of 1776 and 48.
48
What is the highest common factor of 136 and 544?
136
What is the highest common factor of 8610 and 12?
6
Calculate the greatest common factor of 90 and 702.
18
What is the greatest common divisor of 26 and 2509?
13
What is the greatest common divisor of 135 and 60?
15
Calculate the greatest common divisor of 56 and 2632.
56
Calculate the highest common divisor of 1755 and 5.
5
Calculate the highest common divisor of 50027 and 19.
19
Calculate the greatest common divisor of 19 and 9025.
19
What is the highest common divisor of 10 and 10?
10
Calculate the highest common divisor of 247 and 38.
19
Calculate the highest common factor of 6 and 13836.
6
What is the greatest common factor of 440 and 1705?
55
Calculate the highest common factor of 372 and 612.
12
What is the highest common divisor of 5609 and 79?
79
What is the greatest common factor of 20 and 42040?
20
What is the highest common factor of 75 and 30?
15
Calculate the greatest common factor of 5094 and 54.
18
Calculate the greatest common divisor of 75 and 26925.
75
What is the greatest common factor of 990 and 30?
30
Calculate the highest common divisor of 6 and 69.
3
Calculate the highest common factor of 1419 and 264.
33
Calculate the greatest common divisor of 364 and 156.
52
Calculate the greatest common divisor of 1769 and 61.
61
What is the highest common factor of 2349 and 29?
29
Calculate the greatest common factor of 18 and 246.
6
What is the greatest common factor of 17 and 119?
17
Calculate the greatest common factor of 320 and 740.
20
What is the highest common factor of 1647 and 1323?